4*k. Calculate g(-1).
7
Let c(x) be the first derivative of 2*x**2 + 2*x + 2215. Suppose 3*f = 9, -5*d - f = -0*d + 7. Calculate c(d).
-6
Let i be 7 - 0 - (-24)/(-6). Let c(g) = 0*g**3 + 6 - 5 - 2*g**2 + i*g**3. Determine c(-1).
-4
Let j(m) = -15*m**2 - m. Let g be ((-1)/(-3 + 2))/((-2)/(-4)). Suppose 0 = -2*x - g*x - 4. What is j(x)?
-14
Let d(q) = -q**2 + 7*q + 10. Let n = 111 - 79. Suppose 30*b = n*b - 14. Calculate d(b).
10
Let y(l) be the second derivative of l**8/6720 + l**7/630 - l**6/720 - l**5/30 + l**4 + 4*l. Let t(m) be the third derivative of y(m). What is t(-3)?
8
Let s(w) be the first derivative of -w**3/6 - w**2 - w - 2. Let n(g) be the first derivative of s(g). Let u = -154 + 157. Give n(u).
-5
Let b be 80/12 - 1/(-3). Let y(d) = 2*d**2 + 3*d - d**2 - b*d - 7. Give y(5).
-2
Let y(x) = -12*x**2 + 3*x**2 + 4*x**2 + 3 + 6*x**2. Calculate y(3).
12
Let d be (0/(-1))/(18/(24/4)). Suppose -2*y - 9 - 1 = d. Let n(q) = 3*q + 2. Give n(y).
-13
Let d(r) = -2*r + 2. Let n = -4 + 7. Let g(t) = t - 1. Let m(w) = n*d(w) + 7*g(w). Let x = 1 + -6. Give m(x).
-6
Let b(v) be the third derivative of v**5/60 - v**4/6 + v**3/2 + 5*v**2 + 4. Calculate b(7).
24
Let q(n) = 4*n**2 - 41*n + 54. Let z be q(9). Let w(c) = c**2 - 4*c - 4. Calculate w(z).
41
Let q(y) be the first derivative of 7*y**3/3 + 3*y**2/2 + 2*y - 132. Calculate q(-2).
24
Let o(z) = -72*z + 9. Let x(v) = 21*v - 3. Let p(y) = -2*o(y) - 7*x(y). Calculate p(-13).
42
Suppose -26*h + 225 = -71*h. Let k(d) be the third derivative of -d**6/120 - d**5/15 + d**4/6 + d**3/3 - d**2. Calculate k(h).
7
Let t(i) be the first derivative of 0*i**2 - 6 - 1/24*i**4 - 1/15*i**5 + 0*i - 1/3*i**3. Let l(r) be the third derivative of t(r). Calculate l(1).
-9
Let l be 18 + -15*(-24)/(-36). Let u(i) = -2*i + 20. Give u(l).
4
Let t(k) = 1 - 83*k + 0 + 37*k + 48*k. Determine t(3).
7
Let b(w) = w**3 - 2*w**2 - 4*w + 2. Let o(j) = j. Let n(p) = p**2 + 5*p + 7. Let a be n(-4). Let v be o(a). Determine b(v).
-1
Let p(f) = -13*f + 4. Suppose 812 = 5*g + 797. Give p(g).
-35
Let k(n) = -n**3 + n + 3. Let x be -5 - -10 - 12 - -11. Give k(x).
-57
Suppose -2*l + 7 + 7 = -2*n, -3*l = -2*n - 16. Let z(c) = 2*c + 2*c**2 + 2*c**l + 15*c**3 - 14*c**3. Let y be z(-3). Let k(t) = t**2 - 2*t. Give k(y).
3
Suppose -2*m + 9 - 19 = -2*o, 3*m - 6 = -4*o. Let a(i) = 2*i**3 - 4*i**2 + 2*i + 2. What is a(o)?
26
Suppose 30*n + 14 = -2*w + 26*n, w + 3*n = -8. Let i(d) = d - 1. Let q(x) = -x**2 + 3*x + 1. Let v(a) = -6*i(a) + q(a). Give v(w).
-3
Let p = 1022 + -1015. Let o(r) = -r**3 + 5*r**2 + 14*r + 5. Calculate o(p).
5
Let h(v) = v**2 - 7*v + 4. Let k(i) = -7*i + 2. Let y be k(2). Let d = -182 + 200. Let w = y + d. Give h(w).
-2
Let g(u) be the second derivative of -u**4/12 - 2*u**3/3 - 3*u**2/2 - 3*u + 34. What is g(-5)?
-8
Suppose 18 = z + 2. Suppose 5*g + 0*g + z = -3*i, 0 = g + 5. Let p(r) = 13 + 3*r**2 + 0*r**3 - 10 - r**i. Calculate p(3).
3
Let w(s) = 8*s + s - 3*s. Let k be (2415/147 + -17)*1*-7. What is w(k)?
24
Let d(h) = 20*h**3 + 17*h**3 - 36*h**3 - 11*h - h**2 - 9*h**2. Let s be d(11). Let n(z) = -z - 8. Give n(s).
-8
Let m be (15 - 17) + 4/((-4)/(-2)). Let k(s) = -s - 3 + 9 + m + 1. Give k(0).
7
Let d(h) = -2*h**3 + h**2 - 2*h + 1. Suppose 18*i + 7 = 19*i. Suppose i*n = -l + 4*n + 8, 0 = -4*l - 4*n + 16. Calculate d(l).
-15
Let a = 28 - 24. Let o(l) = -a - l**3 + 3*l**2 - 8 - l + 11. Determine o(2).
1
Let t be -1 + (-1)/(2/(-4)) + 1. Let s(g) = 4*g**2 + 5*g + t*g**3 - 2*g - g**3 + 0*g**3. Calculate s(-2).
2
Let y(j) = -j - 3 - j**3 + 24*j**2 + 4*j - 4*j - 25*j**2. Calculate y(0).
-3
Let d(a) = 7*a**3 - 10*a**2 - 5*a - 3. Let u(q) = -20*q**3 + 29*q**2 + 14*q + 9. Let j(g) = -17*d(g) - 6*u(g). Calculate j(3).
-9
Suppose -43*h - 3 = -46*h. Let v(g) = -9*g**2 + 2*g - 2. Let m = -1 + -1. Let u(x) = 117*x**2 - 27*x + 27. Let a(i) = m*u(i) - 27*v(i). What is a(h)?
9
Let i(v) = 2*v**2 + 9*v + 3. Let c be 6/4*(22/(-6) + -1). Determine i(c).
38
Let w be -19 + (10 - (-7)/7). Let c(n) = -n**2 - 9*n - 3. What is c(w)?
5
Let r(m) = -m**2 + 5*m - 1. Let k(i) = -2*i**3 + 17*i**2 - 4*i - 6. Let v be k(8). Let c = -21 + v. Determine r(c).
-1
Let x be (-2)/(-8) - 21/84. Suppose x = 12*s - 5*s - 28. Let o(j) = -j**2 + 3*j + 3. Give o(s).
-1
Let p(t) be the first derivative of -t**4/4 + t**3 - t**2 + t + 95. What is p(2)?
1
Let a(k) = k**2. Let b = 1329 - 1323. Calculate a(b).
36
Let m(h) = 2*h + 832 - 1663 + 833. What is m(4)?
10
Let y(c) = c**3 - 4*c**2 + 2*c - 3. Suppose -z - 4 = -3*w + 7, w - 2*z = 7. What is y(w)?
-6
Let n = -5 - -12. Let h(d) = -d**3 + 7*d**2 + 2*d + 2. What is h(n)?
16
Let r(k) = -k. Suppose -18*q + 24*q = 0. Determine r(q).
0
Let p be (2 - 6) + (-5)/(5/(-4)). Let v(f) be the second derivative of p + 3*f**2 - 1/2*f**3 + 7*f. Calculate v(5).
-9
Let y = 2216 - 2223. Let v(j) = j**3 + 6*j**2 - 5*j - 6. What is v(y)?
-20
Let r(t) be the third derivative of -t**6/180 + 11*t**4/24 + 12*t**2. Let i(d) be the second derivative of r(d). Calculate i(1).
-4
Let l(m) = -m**3 + 9*m**2 + m + 8. Suppose 3*p - 31 = 2*t, -p = -2*p - 5*t - 1. Give l(p).
17
Let s(l) = -3 + 0 - 5*l + 0*l. Suppose 2*i + 1 - 9 = 0. Suppose 8*v - 6 = 2*u + i*v, -4*u - 5*v = 12. Calculate s(u).
12
Let h = 551 + -561. Let j(w) = w**3 + 10*w**2 - w - 9. Calculate j(h).
1
Let r(n) be the second derivative of -4/3*n**3 + 1/2*n**4 + 9 + 1/20*n**5 + 3/2*n**2 + 3*n. Give r(-7).
10
Let t(p) be the first derivative of p**4/4 - 3*p**3 + 4*p**2 + 6*p - 186. Calculate t(8).
6
Suppose 3*x - x + 6 = 0, 0 = -2*h + 5*x - 113. Let k = h + 60. Let c(r) = r**3 + 3*r**2 - 6*r - 1. Give c(k).
7
Let t(g) = g**3 - 9*g**2 - 11*g + 8. Suppose -16*d + 10 = -15*d. Give t(d).
-2
Let l(w) = 2*w**2 - 19*w + 4. Let y(q) = 5*q**2 - 39*q + 6. Let t(m) = -7*l(m) + 3*y(m). What is t(-17)?
7
Let h(q) = q**3 + 7*q**2 + 6*q - 6. Let a = 75 + -68. Let o be (-30)/(-175)*5*-1*a. Determine h(o).
-6
Let d = 7 + -4. Let t(g) be the third derivative of -g**6/120 + g**5/30 + g**4/8 - 783*g**2. Give t(d).
0
Let n(u) be the first derivative of 1/6*u**3 - 1/2*u**2 + 0*u - 4 + 0*u**4 + 2/15*u**5. Let f(i) be the second derivative of n(i). Calculate f(1).
9
Let h(z) = -199*z**2 + 207*z**2 - 6 + 25 + z + z + z**3. What is h(-8)?
3
Let v be (1/2 + -41 + 40)*-18. Let w(q) = -q**2 + 4*q - 9. Determine w(v).
-54
Suppose 4 = 3*j - 11. Let g(z) = 3*z + 3 - 2 - j + 3. Calculate g(7).
20
Suppose 0 = -2*s + 6 - 0. Suppose s*b + 18 = -0*b. Let c(i) be the first derivative of -i**2/2 + i + 25. Calculate c(b).
7
Suppose -2*j - 6 = 3*c, -14 = 2*c + 2*j - 12. Let h(g) = -14*g**2 - 17*g - 15. Let o(i) = -5*i**2 - 6*i - 5. Let s(p) = -4*h(p) + 11*o(p). What is s(c)?
13
Let x(z) = -18*z + 21*z - 2 - 12*z + 5. Give x(-3).
30
Let j(o) be the third derivative of o**5/60 - 13*o**4/24 - o**3/6 - 164*o**2. Calculate j(14).
13
Let s(b) = 4*b + 2. Let i(m) = 4*m + 2. Let f(d) = 4*i(d) - 5*s(d). What is f(2)?
-10
Suppose 5*v = 9*v. Let q(l) = 10*l - 4*l + 0*l**2 + v*l - 8 + l**2. Determine q(-7).
-1
Let a = -112 - -114. Let m(p) = -2*p**a - 2 - p**3 + 42*p - 23*p - 20*p. What is m(-2)?
0
Let f = -26 - 4. Let x = f + 31. Let k(j) = 9*j**3 - 1. What is k(x)?
8
Let d(g) = -11*g**3 - 18*g**2 - 11*g - 23. Let o(b) = -4*b**3 - 6*b**2 - 5*b - 8. Let y(t) = 3*d(t) - 8*o(t). Calculate y(-7).
-5
Let n(d) = -d**3 - 14*d**2 - 41*d - 10. Let a be n(-4). Let k(y) = y**3 + 8*y**2 + 10*y + 5. Determine k(a).
17
Let d(s) = 3*s**2 - 4*s - 1. Suppose -2*m + 12 = -14*m. Determine d(m).
6
Let c(p) = 30*p + 25*p + 2*p**2 - 57*p + 2. Let z(r) = r**3 - 7*r**2 + 7*r - 4. Let s be z(6). Give c(s).
6
Let v(b) = -3*b - 6. Let c(h) be the first derivative of -h**2/2 - 3*h - 10. Let g(d) = 5*c(d) - 2*v(d). Give g(4).
1
Let b = 65 + -62. Suppose 18 = b*t - f - 2*f, t = 3*f + 14. Let q(j) = -j**3 - 3*j + 3. Determine q(t).
-11
Let x(n) = -5*n**3 + 2*n**2 - 1. Let c be (22/8 - 2)/(1/4). Suppose -c*g + 2 = -g. Calculate x(g).
-4
Let v(u) = -10*u - 6 - u**2 - 10*u + 21*u - 9*u. Let d be v(-6). Let k(a) = -4 + a + 0*a + 1. Determine k(d).
3
Suppose 3*j + p + 7 = 23, 5*p = -10. Let b(i) be the second derivative of -i**3/3 + 7*i**2/2 - 3*i + 8. Calculate b(j).
-5
Suppose w - 2*m + 2 = 0, -3*w + 4*m - m = 0. Let d(a) be the first derivative of 5*a + 5/3*a**3 + w - 1/4*